{"id":188,"date":"2021-02-02T09:40:22","date_gmt":"2021-02-02T09:40:22","guid":{"rendered":"https:\/\/fineartportraitkunst.de\/?page_id=188"},"modified":"2025-04-07T18:12:17","modified_gmt":"2025-04-07T18:12:17","slug":"fineartportrait-2","status":"publish","type":"page","link":"https:\/\/xn--portrtkunst-p8a.com\/?page_id=188","title":{"rendered":"Fineartportrait"},"content":{"rendered":"\t\t<div data-elementor-type=\"wp-page\" data-elementor-id=\"188\" class=\"elementor elementor-188\">\n\t\t\t\t\t\t<section class=\"elementor-section elementor-top-section elementor-element elementor-element-aa0e85d elementor-section-boxed elementor-section-height-default elementor-section-height-default\" data-id=\"aa0e85d\" data-element_type=\"section\" data-e-type=\"section\">\n\t\t\t\t\t\t<div class=\"elementor-container elementor-column-gap-default\">\n\t\t\t\t\t<div class=\"elementor-column elementor-col-100 elementor-top-column elementor-element elementor-element-4d825ec\" data-id=\"4d825ec\" data-element_type=\"column\" data-e-type=\"column\">\n\t\t\t<div class=\"elementor-widget-wrap elementor-element-populated\">\n\t\t\t\t\t\t<div class=\"elementor-element elementor-element-867a3d7 elementor-widget__width-initial elementor-drop-cap-yes elementor-drop-cap-view-default elementor-widget elementor-widget-text-editor\" data-id=\"867a3d7\" data-element_type=\"widget\" data-e-type=\"widget\" data-settings=\"{&quot;drop_cap&quot;:&quot;yes&quot;}\" data-widget_type=\"text-editor.default\">\n\t\t\t\t<div class=\"elementor-widget-container\">\n\t\t\t\t\t\t\t\t\t<p><b><i>Portr\u00e4tkunst auf Velour<\/i><\/b><\/p>\t\t\t\t\t\t\t\t<\/div>\n\t\t\t\t<\/div>\n\t\t\t\t\t<\/div>\n\t\t<\/div>\n\t\t\t\t\t<\/div>\n\t\t<\/section>\n\t\t\t\t<section class=\"elementor-section elementor-top-section elementor-element elementor-element-6cbcaa5 elementor-section-boxed elementor-section-height-default elementor-section-height-default\" data-id=\"6cbcaa5\" data-element_type=\"section\" data-e-type=\"section\">\n\t\t\t\t\t\t<div class=\"elementor-container elementor-column-gap-default\">\n\t\t\t\t\t<div class=\"elementor-column elementor-col-100 elementor-top-column elementor-element elementor-element-55bb217\" data-id=\"55bb217\" data-element_type=\"column\" data-e-type=\"column\">\n\t\t\t<div class=\"elementor-widget-wrap elementor-element-populated\">\n\t\t\t\t\t\t<div class=\"elementor-element elementor-element-478c14f elementor-widget__width-initial elementor-drop-cap-yes elementor-drop-cap-view-default elementor-widget elementor-widget-text-editor\" data-id=\"478c14f\" data-element_type=\"widget\" data-e-type=\"widget\" data-settings=\"{&quot;drop_cap&quot;:&quot;yes&quot;}\" data-widget_type=\"text-editor.default\">\n\t\t\t\t<div class=\"elementor-widget-container\">\n\t\t\t\t\t\t\t\t\t<p>Als Malgrund bevorzuge ich Velourpapier, das eine besonders intensive Wiedergabe der verwendeten Farben erm\u00f6glicht. Die Brillanz der Farben entsteht durch die besondere Oberfl\u00e4chenbeschaffenheit. Eine dichte Beflockung mit feinsten Kunstfaserhaaren reflektiert das einfallende Licht diffus, sodass aus verschiedenen Perspektiven \u00fcberraschende visuelle Eindr\u00fccke entstehen, die dem Portr\u00e4t eine gewisse Dynamik verleihen.<\/p><p>Meine Farben zeichnen sich durch eine hohe Lichtechtheit aus, wodurch ein fr\u00fchzeitiges Verblassen der Farben verhindert wird. Der Aufbau der Zeichnung kann aus mehreren Farbschichten bestehen; sie k\u00f6nnen miteinander vermischt werden, oder als eine Art Lasur erscheinen. Der Arbeitsprozess selbst ist etwas aufwendiger als die Arbeit auf herk\u00f6mmlichem Papier. Es bedarf mehrerer Arbeitsg\u00e4nge bis zur\u00a0 \u00a0 detailgetreuen Ausarbeitung. Der gesamte Arbeitsablauf ist etwas anspruchsvoller, verglichen mit meinen fr\u00fcheren Arbeiten mit Kohle oder Aquarell auf Papier und Leinwand.<\/p>\t\t\t\t\t\t\t\t<\/div>\n\t\t\t\t<\/div>\n\t\t\t\t\t<\/div>\n\t\t<\/div>\n\t\t\t\t\t<\/div>\n\t\t<\/section>\n\t\t\t\t<section class=\"elementor-section elementor-top-section elementor-element elementor-element-371bc4b elementor-section-boxed elementor-section-height-default elementor-section-height-default\" data-id=\"371bc4b\" data-element_type=\"section\" data-e-type=\"section\">\n\t\t\t\t\t\t<div class=\"elementor-container elementor-column-gap-default\">\n\t\t\t\t\t<div class=\"elementor-column elementor-col-100 elementor-top-column elementor-element elementor-element-ac35093\" data-id=\"ac35093\" data-element_type=\"column\" data-e-type=\"column\">\n\t\t\t<div class=\"elementor-widget-wrap elementor-element-populated\">\n\t\t\t\t\t\t\t<\/div>\n\t\t<\/div>\n\t\t\t\t\t<\/div>\n\t\t<\/section>\n\t\t\t\t<section class=\"elementor-section elementor-top-section elementor-element elementor-element-a578f21 elementor-section-boxed elementor-section-height-default elementor-section-height-default\" data-id=\"a578f21\" data-element_type=\"section\" data-e-type=\"section\">\n\t\t\t\t\t\t<div class=\"elementor-container elementor-column-gap-default\">\n\t\t\t\t\t<div class=\"elementor-column elementor-col-50 elementor-top-column elementor-element elementor-element-d91a7d1\" data-id=\"d91a7d1\" data-element_type=\"column\" data-e-type=\"column\">\n\t\t\t<div class=\"elementor-widget-wrap elementor-element-populated\">\n\t\t\t\t\t\t<div class=\"elementor-element elementor-element-0ef609f elementor-widget elementor-widget-image\" data-id=\"0ef609f\" data-element_type=\"widget\" data-e-type=\"widget\" data-widget_type=\"image.default\">\n\t\t\t\t<div class=\"elementor-widget-container\">\n\t\t\t\t\t\t\t\t\t\t\t\t\t\t\t<img decoding=\"async\" src=\"https:\/\/xn--portrtkunst-p8a.com\/wp-content\/uploads\/elementor\/thumbs\/1-scaled-p6j47j3lffiptdokmgsr42jq8d73fgz3gxzhb5yny0.jpg\" title=\"1\" alt=\"1\" loading=\"lazy\" \/>\t\t\t\t\t\t\t\t\t\t\t\t\t\t\t<\/div>\n\t\t\t\t<\/div>\n\t\t\t\t\t<\/div>\n\t\t<\/div>\n\t\t\t\t<div class=\"elementor-column elementor-col-50 elementor-top-column elementor-element elementor-element-49d81aa\" data-id=\"49d81aa\" data-element_type=\"column\" data-e-type=\"column\">\n\t\t\t<div class=\"elementor-widget-wrap elementor-element-populated\">\n\t\t\t\t\t\t<div class=\"elementor-element elementor-element-b19338d elementor-widget elementor-widget-image\" data-id=\"b19338d\" data-element_type=\"widget\" data-e-type=\"widget\" data-widget_type=\"image.default\">\n\t\t\t\t<div class=\"elementor-widget-container\">\n\t\t\t\t\t\t\t\t\t\t\t\t\t\t\t<img decoding=\"async\" src=\"https:\/\/xn--portrtkunst-p8a.com\/wp-content\/uploads\/elementor\/thumbs\/20210428_100718-scaled-p6j490oe8zkmnqv19omy3av0h6b7w3uz9snzowa74w.jpg\" title=\"20210428_100718\" alt=\"20210428_100718\" loading=\"lazy\" \/>\t\t\t\t\t\t\t\t\t\t\t\t\t\t\t<\/div>\n\t\t\t\t<\/div>\n\t\t\t\t\t<\/div>\n\t\t<\/div>\n\t\t\t\t\t<\/div>\n\t\t<\/section>\n\t\t\t\t<section class=\"elementor-section elementor-top-section elementor-element elementor-element-bd58a2c elementor-section-boxed elementor-section-height-default elementor-section-height-default\" data-id=\"bd58a2c\" data-element_type=\"section\" data-e-type=\"section\">\n\t\t\t\t\t\t<div class=\"elementor-container elementor-column-gap-default\">\n\t\t\t\t\t<div class=\"elementor-column elementor-col-100 elementor-top-column elementor-element elementor-element-386809a\" data-id=\"386809a\" data-element_type=\"column\" data-e-type=\"column\">\n\t\t\t<div class=\"elementor-widget-wrap elementor-element-populated\">\n\t\t\t\t\t\t<div class=\"elementor-element elementor-element-8e56de4 elementor-widget elementor-widget-heading\" data-id=\"8e56de4\" data-element_type=\"widget\" data-e-type=\"widget\" data-widget_type=\"heading.default\">\n\t\t\t\t<div class=\"elementor-widget-container\">\n\t\t\t\t\t<h6 class=\"elementor-heading-title elementor-size-default\">.<\/h6>\t\t\t\t<\/div>\n\t\t\t\t<\/div>\n\t\t\t\t\t<\/div>\n\t\t<\/div>\n\t\t\t\t\t<\/div>\n\t\t<\/section>\n\t\t\t\t<\/div>\n\t\t","protected":false},"excerpt":{"rendered":"<p>Portr\u00e4tkunst auf Velour Als Malgrund bevorzuge ich Velourpapier, das eine besonders intensive Wiedergabe der verwendeten Farben erm\u00f6glicht. Die Brillanz der Farben entsteht durch die besondere Oberfl\u00e4chenbeschaffenheit. Eine dichte Beflockung mit feinsten Kunstfaserhaaren reflektiert das einfallende Licht diffus, sodass aus verschiedenen Perspektiven \u00fcberraschende visuelle Eindr\u00fccke entstehen, die dem Portr\u00e4t eine gewisse Dynamik verleihen. Meine Farben zeichnen [&hellip;]<\/p>\n","protected":false},"author":1,"featured_media":0,"parent":0,"menu_order":0,"comment_status":"closed","ping_status":"closed","template":"","meta":{"_monsterinsights_skip_tracking":false,"_monsterinsights_sitenote_active":false,"_monsterinsights_sitenote_note":"","_monsterinsights_sitenote_category":0,"ocean_post_layout":"","ocean_both_sidebars_style":"","ocean_both_sidebars_content_width":0,"ocean_both_sidebars_sidebars_width":0,"ocean_sidebar":"0","ocean_second_sidebar":"0","ocean_disable_margins":"enable","ocean_add_body_class":"","ocean_shortcode_before_top_bar":"","ocean_shortcode_after_top_bar":"","ocean_shortcode_before_header":"","ocean_shortcode_after_header":"","ocean_has_shortcode":"","ocean_shortcode_after_title":"","ocean_shortcode_before_footer_widgets":"","ocean_shortcode_after_footer_widgets":"","ocean_shortcode_before_footer_bottom":"","ocean_shortcode_after_footer_bottom":"","ocean_display_top_bar":"default","ocean_display_header":"default","ocean_header_style":"top","ocean_center_header_left_menu":"0","ocean_custom_header_template":"0","ocean_custom_logo":0,"ocean_custom_retina_logo":0,"ocean_custom_logo_max_width":0,"ocean_custom_logo_tablet_max_width":0,"ocean_custom_logo_mobile_max_width":0,"ocean_custom_logo_max_height":0,"ocean_custom_logo_tablet_max_height":0,"ocean_custom_logo_mobile_max_height":0,"ocean_header_custom_menu":"0","ocean_menu_typo_font_family":"0","ocean_menu_typo_font_subset":"","ocean_menu_typo_font_size":0,"ocean_menu_typo_font_size_tablet":0,"ocean_menu_typo_font_size_mobile":0,"ocean_menu_typo_font_size_unit":"px","ocean_menu_typo_font_weight":"","ocean_menu_typo_font_weight_tablet":"","ocean_menu_typo_font_weight_mobile":"","ocean_menu_typo_transform":"","ocean_menu_typo_transform_tablet":"","ocean_menu_typo_transform_mobile":"","ocean_menu_typo_line_height":0,"ocean_menu_typo_line_height_tablet":0,"ocean_menu_typo_line_height_mobile":0,"ocean_menu_typo_line_height_unit":"","ocean_menu_typo_spacing":0,"ocean_menu_typo_spacing_tablet":0,"ocean_menu_typo_spacing_mobile":0,"ocean_menu_typo_spacing_unit":"","ocean_menu_link_color":"","ocean_menu_link_color_hover":"","ocean_menu_link_color_active":"","ocean_menu_link_background":"","ocean_menu_link_hover_background":"","ocean_menu_link_active_background":"","ocean_menu_social_links_bg":"","ocean_menu_social_hover_links_bg":"","ocean_menu_social_links_color":"","ocean_menu_social_hover_links_color":"","ocean_disable_title":"default","ocean_disable_heading":"default","ocean_post_title":"","ocean_post_subheading":"","ocean_post_title_style":"","ocean_post_title_background_color":"","ocean_post_title_background":0,"ocean_post_title_bg_image_position":"","ocean_post_title_bg_image_attachment":"","ocean_post_title_bg_image_repeat":"","ocean_post_title_bg_image_size":"","ocean_post_title_height":0,"ocean_post_title_bg_overlay":0.5,"ocean_post_title_bg_overlay_color":"","ocean_disable_breadcrumbs":"default","ocean_breadcrumbs_color":"","ocean_breadcrumbs_separator_color":"","ocean_breadcrumbs_links_color":"","ocean_breadcrumbs_links_hover_color":"","ocean_display_footer_widgets":"default","ocean_display_footer_bottom":"default","ocean_custom_footer_template":"0","footnotes":""},"class_list":["post-188","page","type-page","status-publish","hentry","entry"],"yoast_head":"<!-- This site is optimized with the Yoast SEO plugin v27.4 - https:\/\/yoast.com\/product\/yoast-seo-wordpress\/ -->\n<title>Fineartportrait - Fineartportraitkunst<\/title>\n<meta name=\"description\" content=\"Portraitsbetrachtung, port\u00e4terkl\u00e4rung, Bildbeschreibung.\" \/>\n<meta name=\"robots\" content=\"index, follow, max-snippet:-1, max-video-preview:-1, noimageindex\" \/>\n<link rel=\"canonical\" href=\"https:\/\/xn--portrtkunst-p8a.com\/?page_id=188\" \/>\n<meta property=\"og:locale\" content=\"de_DE\" \/>\n<meta property=\"og:type\" content=\"article\" \/>\n<meta property=\"og:title\" content=\"Fineartportrait - Fineartportraitkunst\" \/>\n<meta property=\"og:description\" content=\"Portraitsbetrachtung, port\u00e4terkl\u00e4rung, Bildbeschreibung.\" \/>\n<meta property=\"og:url\" content=\"https:\/\/xn--portrtkunst-p8a.com\/?page_id=188\" \/>\n<meta property=\"og:site_name\" content=\"Fineartportraitkunst\" \/>\n<meta property=\"article:modified_time\" content=\"2025-04-07T18:12:17+00:00\" \/>\n<meta property=\"og:image\" content=\"https:\/\/xn--portrtkunst-p8a.com\/wp-content\/uploads\/elementor\/thumbs\/1-scaled-p6j47j3lffiptdokmgsr42jq8d73fgz3gxzhb5yny0.jpg\" \/>\n<meta name=\"twitter:card\" content=\"summary_large_image\" \/>\n<meta name=\"twitter:label1\" content=\"Gesch\u00e4tzte Lesezeit\" \/>\n\t<meta name=\"twitter:data1\" content=\"2\u00a0Minuten\" \/>\n<script type=\"application\/ld+json\" class=\"yoast-schema-graph\">{\"@context\":\"https:\\\/\\\/schema.org\",\"@graph\":[{\"@type\":\"WebPage\",\"@id\":\"https:\\\/\\\/xn--portrtkunst-p8a.com\\\/?page_id=188\",\"url\":\"https:\\\/\\\/xn--portrtkunst-p8a.com\\\/?page_id=188\",\"name\":\"Fineartportrait - Fineartportraitkunst\",\"isPartOf\":{\"@id\":\"https:\\\/\\\/xn--portrtkunst-p8a.com\\\/#website\"},\"primaryImageOfPage\":{\"@id\":\"https:\\\/\\\/xn--portrtkunst-p8a.com\\\/?page_id=188#primaryimage\"},\"image\":{\"@id\":\"https:\\\/\\\/xn--portrtkunst-p8a.com\\\/?page_id=188#primaryimage\"},\"thumbnailUrl\":\"https:\\\/\\\/xn--portrtkunst-p8a.com\\\/wp-content\\\/uploads\\\/elementor\\\/thumbs\\\/1-scaled-p6j47j3lffiptdokmgsr42jq8d73fgz3gxzhb5yny0.jpg\",\"datePublished\":\"2021-02-02T09:40:22+00:00\",\"dateModified\":\"2025-04-07T18:12:17+00:00\",\"description\":\"Portraitsbetrachtung, port\u00e4terkl\u00e4rung, Bildbeschreibung.\",\"breadcrumb\":{\"@id\":\"https:\\\/\\\/xn--portrtkunst-p8a.com\\\/?page_id=188#breadcrumb\"},\"inLanguage\":\"de\",\"potentialAction\":[{\"@type\":\"ReadAction\",\"target\":[\"https:\\\/\\\/xn--portrtkunst-p8a.com\\\/?page_id=188\"]}]},{\"@type\":\"ImageObject\",\"inLanguage\":\"de\",\"@id\":\"https:\\\/\\\/xn--portrtkunst-p8a.com\\\/?page_id=188#primaryimage\",\"url\":\"https:\\\/\\\/xn--portrtkunst-p8a.com\\\/wp-content\\\/uploads\\\/elementor\\\/thumbs\\\/1-scaled-p6j47j3lffiptdokmgsr42jq8d73fgz3gxzhb5yny0.jpg\",\"contentUrl\":\"https:\\\/\\\/xn--portrtkunst-p8a.com\\\/wp-content\\\/uploads\\\/elementor\\\/thumbs\\\/1-scaled-p6j47j3lffiptdokmgsr42jq8d73fgz3gxzhb5yny0.jpg\"},{\"@type\":\"BreadcrumbList\",\"@id\":\"https:\\\/\\\/xn--portrtkunst-p8a.com\\\/?page_id=188#breadcrumb\",\"itemListElement\":[{\"@type\":\"ListItem\",\"position\":1,\"name\":\"Startseite\",\"item\":\"https:\\\/\\\/xn--portrtkunst-p8a.com\\\/\"},{\"@type\":\"ListItem\",\"position\":2,\"name\":\"Fineartportrait\"}]},{\"@type\":\"WebSite\",\"@id\":\"https:\\\/\\\/xn--portrtkunst-p8a.com\\\/#website\",\"url\":\"https:\\\/\\\/xn--portrtkunst-p8a.com\\\/\",\"name\":\"Fineartportait\",\"description\":\"Handgemalte Portraitarbeiten von Werner  Schnabel\",\"potentialAction\":[{\"@type\":\"SearchAction\",\"target\":{\"@type\":\"EntryPoint\",\"urlTemplate\":\"https:\\\/\\\/xn--portrtkunst-p8a.com\\\/?s={search_term_string}\"},\"query-input\":{\"@type\":\"PropertyValueSpecification\",\"valueRequired\":true,\"valueName\":\"search_term_string\"}}],\"inLanguage\":\"de\"}]}<\/script>\n<!-- \/ Yoast SEO plugin. -->","yoast_head_json":{"title":"Fineartportrait - Fineartportraitkunst","description":"Portraitsbetrachtung, port\u00e4terkl\u00e4rung, Bildbeschreibung.","robots":{"index":"index","follow":"follow","max-snippet":"max-snippet:-1","max-video-preview":"max-video-preview:-1","imageindex":"noimageindex"},"canonical":"https:\/\/xn--portrtkunst-p8a.com\/?page_id=188","og_locale":"de_DE","og_type":"article","og_title":"Fineartportrait - Fineartportraitkunst","og_description":"Portraitsbetrachtung, port\u00e4terkl\u00e4rung, Bildbeschreibung.","og_url":"https:\/\/xn--portrtkunst-p8a.com\/?page_id=188","og_site_name":"Fineartportraitkunst","article_modified_time":"2025-04-07T18:12:17+00:00","og_image":[{"url":"https:\/\/xn--portrtkunst-p8a.com\/wp-content\/uploads\/elementor\/thumbs\/1-scaled-p6j47j3lffiptdokmgsr42jq8d73fgz3gxzhb5yny0.jpg","type":"","width":"","height":""}],"twitter_card":"summary_large_image","twitter_misc":{"Gesch\u00e4tzte Lesezeit":"2\u00a0Minuten"},"schema":{"@context":"https:\/\/schema.org","@graph":[{"@type":"WebPage","@id":"https:\/\/xn--portrtkunst-p8a.com\/?page_id=188","url":"https:\/\/xn--portrtkunst-p8a.com\/?page_id=188","name":"Fineartportrait - Fineartportraitkunst","isPartOf":{"@id":"https:\/\/xn--portrtkunst-p8a.com\/#website"},"primaryImageOfPage":{"@id":"https:\/\/xn--portrtkunst-p8a.com\/?page_id=188#primaryimage"},"image":{"@id":"https:\/\/xn--portrtkunst-p8a.com\/?page_id=188#primaryimage"},"thumbnailUrl":"https:\/\/xn--portrtkunst-p8a.com\/wp-content\/uploads\/elementor\/thumbs\/1-scaled-p6j47j3lffiptdokmgsr42jq8d73fgz3gxzhb5yny0.jpg","datePublished":"2021-02-02T09:40:22+00:00","dateModified":"2025-04-07T18:12:17+00:00","description":"Portraitsbetrachtung, port\u00e4terkl\u00e4rung, Bildbeschreibung.","breadcrumb":{"@id":"https:\/\/xn--portrtkunst-p8a.com\/?page_id=188#breadcrumb"},"inLanguage":"de","potentialAction":[{"@type":"ReadAction","target":["https:\/\/xn--portrtkunst-p8a.com\/?page_id=188"]}]},{"@type":"ImageObject","inLanguage":"de","@id":"https:\/\/xn--portrtkunst-p8a.com\/?page_id=188#primaryimage","url":"https:\/\/xn--portrtkunst-p8a.com\/wp-content\/uploads\/elementor\/thumbs\/1-scaled-p6j47j3lffiptdokmgsr42jq8d73fgz3gxzhb5yny0.jpg","contentUrl":"https:\/\/xn--portrtkunst-p8a.com\/wp-content\/uploads\/elementor\/thumbs\/1-scaled-p6j47j3lffiptdokmgsr42jq8d73fgz3gxzhb5yny0.jpg"},{"@type":"BreadcrumbList","@id":"https:\/\/xn--portrtkunst-p8a.com\/?page_id=188#breadcrumb","itemListElement":[{"@type":"ListItem","position":1,"name":"Startseite","item":"https:\/\/xn--portrtkunst-p8a.com\/"},{"@type":"ListItem","position":2,"name":"Fineartportrait"}]},{"@type":"WebSite","@id":"https:\/\/xn--portrtkunst-p8a.com\/#website","url":"https:\/\/xn--portrtkunst-p8a.com\/","name":"Fineartportait","description":"Handgemalte Portraitarbeiten von Werner  Schnabel","potentialAction":[{"@type":"SearchAction","target":{"@type":"EntryPoint","urlTemplate":"https:\/\/xn--portrtkunst-p8a.com\/?s={search_term_string}"},"query-input":{"@type":"PropertyValueSpecification","valueRequired":true,"valueName":"search_term_string"}}],"inLanguage":"de"}]}},"_links":{"self":[{"href":"https:\/\/xn--portrtkunst-p8a.com\/index.php?rest_route=\/wp\/v2\/pages\/188","targetHints":{"allow":["GET"]}}],"collection":[{"href":"https:\/\/xn--portrtkunst-p8a.com\/index.php?rest_route=\/wp\/v2\/pages"}],"about":[{"href":"https:\/\/xn--portrtkunst-p8a.com\/index.php?rest_route=\/wp\/v2\/types\/page"}],"author":[{"embeddable":true,"href":"https:\/\/xn--portrtkunst-p8a.com\/index.php?rest_route=\/wp\/v2\/users\/1"}],"replies":[{"embeddable":true,"href":"https:\/\/xn--portrtkunst-p8a.com\/index.php?rest_route=%2Fwp%2Fv2%2Fcomments&post=188"}],"version-history":[{"count":1234,"href":"https:\/\/xn--portrtkunst-p8a.com\/index.php?rest_route=\/wp\/v2\/pages\/188\/revisions"}],"predecessor-version":[{"id":3284,"href":"https:\/\/xn--portrtkunst-p8a.com\/index.php?rest_route=\/wp\/v2\/pages\/188\/revisions\/3284"}],"wp:attachment":[{"href":"https:\/\/xn--portrtkunst-p8a.com\/index.php?rest_route=%2Fwp%2Fv2%2Fmedia&parent=188"}],"curies":[{"name":"wp","href":"https:\/\/api.w.org\/{rel}","templated":true}]}}